me factors of b.
7, 29
Suppose 7*u + 4036 = 20976. Let q = u + -1440. List the prime factors of q.
2, 5, 7
Let v(g) = -12*g - 6. Let i be v(-1). What are the prime factors of i + 577 - 12/(-6)?
3, 5, 13
Let r(b) = 71*b - 48. Let t be ((-4)/5)/((-31)/310). What are the prime factors of r(t)?
2, 5, 13
Suppose -3*j = -4208 - 817. Let c = -1122 + j. What are the prime factors of c?
7, 79
Let m(j) = j**3 - 7*j**2 - 14*j + 117. Let r be m(5). Suppose -3*z + 21 = 4*h, 4*h - z - 2*z - 27 = 0. List the prime factors of (r/h)/((-6)/852).
71
Let k(g) = 12*g**2 - 11*g + 2319. What are the prime factors of k(-46)?
7, 29, 139
Let l = 536 - -1630. Suppose -4*y + 2*q = -l, 7*q + 1088 = 2*y + 11*q. What are the prime factors of y?
2, 271
Suppose -3*x + 4 = -0*x + b, -4*b = -5*x - 16. Suppose -5*k = x, -5*p - k = -1 - 234. What are the prime factors of p?
47
Let c be ((3*-3)/(-3))/((-12)/(-1644)). Let a = -284 + c. List the prime factors of a.
127
List the prime factors of ((-12768)/(-342) + 8 + -1)/(2/2220).
2, 5, 7, 19, 37
Let d be (-1)/(-3) + (-160)/12. Let g = d + 16. Suppose 17 - 194 = -g*b. List the prime factors of b.
59
Let h = -30954 - -44293. What are the prime factors of h?
13339
Let o = 70350 - 46670. What are the prime factors of o?
2, 5, 37
Let r be 1*-1 - 276/6. Let c = r - -9. Let f = c - -69. What are the prime factors of f?
31
Let d = -3493 - -7092. Suppose -13*u - d = -14467. List the prime factors of u.
2, 11, 19
Let r(p) = -p**3 - 7*p**2 + 5*p - 16. Let q = -22 - -3. Let v = -27 - q. What are the prime factors of r(v)?
2
Let a(h) = -185*h - 1928. What are the prime factors of a(-16)?
2, 3, 43
Let u(m) = -275*m - 267*m + 2*m**2 + 2 + 504*m. List the prime factors of u(-8).
2, 7, 31
Let q(s) = 1037*s**3 + 4*s + 3. Let g be q(-1). List the prime factors of g/(-4) + (-6 - (-52)/8).
2, 5, 13
Let b(r) = 5*r + 28*r**2 + 52*r**2 + 3 - 14*r**2. What are the prime factors of b(2)?
277
Let u(h) = -28 - 97*h + 21 + 13. Let c(p) = 3*p**3 + p**2 + 2*p + 1. Let s be c(-1). What are the prime factors of u(s)?
3, 11
Suppose 25*g - 126 = 7*g. Suppose -g*f - 6088 - 572 = -5*l, 2*l - 4*f = 2664. List the prime factors of l.
2, 3, 37
What are the prime factors of 224*(578/4 - (-5 - -6))?
2, 7, 41
Let w = 1108 - -1739. What are the prime factors of w?
3, 13, 73
Let v = 47463 - 33252. List the prime factors of v.
3, 1579
Let x(p) = 16*p - 9 - 27*p - p**2 - 6. Let g be x(-9). Suppose g*q = r - 91, -q = 5*r - 225 - 150. What are the prime factors of r?
2, 19
Let o(v) = v**2 + 139*v + 9821. List the prime factors of o(0).
7, 23, 61
Suppose 5*g + 437 = x - 329, -5*x - 4*g + 3772 = 0. Let o = x - 34. List the prime factors of o.
2, 19
Let l(p) = p**3 - p**2 - p + 2. Let c be l(-2). Let t be 4/8 - (-1 - 12/c). Suppose -5*v - v + 252 = t. List the prime factors of v.
2, 3, 7
Let l(i) = 22*i - 69. Let b be l(0). Let h(s) = s**2 - 11*s + 2. Let p be h(8). Let x = p - b. List the prime factors of x.
47
Let f(b) = -b**3 - 10*b**2 - 2. Let o be f(-10). Let i(t) be the third derivative of 7*t**5/30 - t**4/8 + 76*t**2 + t. What are the prime factors of i(o)?
2, 31
Let d = -10248 + 25620. What are the prime factors of d?
2, 3, 7, 61
Let o = 142 - 235. Let p = 49 + o. Let l = -18 - p. List the prime factors of l.
2, 13
Suppose -5*w - 3*h = -153172, -167*h + 163*h + 122528 = 4*w. What are the prime factors of w?
2, 15319
Suppose 5*m = -25, t - 3*m - 1757 = 476. What are the prime factors of t?
2, 1109
Suppose -45931 = 10*m - 270166 + 6375. What are the prime factors of m?
2, 3, 3631
Let a(r) = r**2 - 15*r + 5. Let t be a(15). Suppose t*m = -k, 0*m - 2*k = m. Suppose m*f + 6*f - 420 = 0. List the prime factors of f.
2, 5, 7
Suppose -m = i - 11482, -2*m + 22789 = 5*i - 34624. What are the prime factors of i?
11483
Let s be ((-6)/(-3) + -4)/((-1)/6). Let y = s - 11. Let j(o) = 123*o**2 - o. What are the prime factors of j(y)?
2, 61
Let c(u) = -2*u**3 - 8*u**2 + 6*u + 4. Let p be c(-5). Suppose 4*v + p*v = 18984. List the prime factors of v.
2, 3, 113
Let x be (-8)/(80/(-255))*4. What are the prime factors of 242/14 - x/357?
17
Let r(b) = -5632*b**3 - 9*b**2 - 8*b. List the prime factors of r(-1).
3, 1877
Let g be (-3)/4 + 36/(-16) + 2. Let x(v) = -93*v**2 + v + 5. Let c(p) = -23*p**2 + 1. Let k(r) = -9*c(r) + 2*x(r). What are the prime factors of k(g)?
2, 5
Let i(a) = -4852*a + 2555. What are the prime factors of i(-2)?
13, 23, 41
Let b be 1 + -7 + 0 - -1246. List the prime factors of 5 - (14/42 - b/3).
2, 11, 19
Suppose -4*o - 5*i = 423, -3*o + 4*i - 432 = o. Let a be 5*(52 - (-4 + -2)). Let k = o + a. List the prime factors of k.
3, 61
Suppose -2*c + 20110 = -0*c - 4*q, 5*q - 30143 = -3*c. List the prime factors of c.
19, 23
Let b(j) = 16*j - 4. Let z(x) = -x - 1. Suppose -9 = -3*f - 15. Let s(a) = f*z(a) - b(a). What are the prime factors of s(-4)?
2, 31
Suppose 2*w - w + 140 = 2*o, 2*o + 748 = -5*w. List the prime factors of 7 - 13 - (w + -2).
2, 3
Let i(l) = 5*l**2 - l - 1. Let x be i(-1). Let f(n) = 20*n + 10. Let y be f(x). Let g = y + -41. What are the prime factors of g?
3, 23
Suppose 14*j + 2202 = -14696. Let l = j - -2637. What are the prime factors of l?
2, 5, 11, 13
Let u(h) = h**3 + h**2 - 28*h + 74. What are the prime factors of u(23)?
2, 3, 43, 47
List the prime factors of (-30083166)/(-765) - 28/20.
39323
Let h be (-3)/(-2) - 1357/(-118). Let m be (-2)/(-6) + (-16)/(-6). Let l = m + h. What are the prime factors of l?
2
Suppose 24*z - 20*z + 9*m - 2600 = 0, -3*m - 1270 = -2*z. List the prime factors of z.
641
Suppose -2*m + 12343 = -2*x - 68187, -80510 = -2*m - 3*x. What are the prime factors of m?
13, 19, 163
Let s = 5101 + 3299. List the prime factors of s.
2, 3, 5, 7
Let n be -2 + (-9)/(-6) - (-11)/2. What are the prime factors of (50/n)/(2/212*4)?
5, 53
Suppose 33 = -148*w + 159*w. Suppose 255 = 3*j + l - 636, j - 287 = w*l. What are the prime factors of j?
2, 37
Let b(n) = 8*n**3 - n**2 + n + 965. Let j(k) = 11*k**3 - k**2 + k + 1447. Let q(p) = -7*b(p) + 5*j(p). List the prime factors of q(0).
2, 3, 5
Let h(z) = z**2 - 15*z + 6. Let m be h(16). Let r = 119 + m. What are the prime factors of r?
3, 47
List the prime factors of 2/(-14) - 1661/(-77)*527.
2, 7, 29
Suppose -144 = 22*m - 19*m. Suppose n + 2*h - 89 = 0, -489 = -5*n - 2*h - 76. Let c = n - m. List the prime factors of c.
3, 43
Suppose -25 = -5*d, -4*l + 4*d + 130441 + 148299 = 0. What are the prime factors of l?
2, 3, 5, 23, 101
Let u(s) = -2*s - 7*s**3 - 13*s**2 + 18*s**3 - 2*s**3 + 21 - 8*s**3. Let z be u(13). Let r(v) = -19*v + 21. List the prime factors of r(z).
2, 29
Let i = -37 + 40. Let f(b) = -3 - 3*b - 10 - i*b. What are the prime factors of f(-12)?
59
Let d = -6143 + 11816. What are the prime factors of d?
3, 31, 61
Suppose 0 = 67*u - 63*u - 16. Let l(m) = 3*m**3 - 4*m**2 + 19*m - 3. What are the prime factors of l(u)?
3, 67
Let k be (1098/(-15))/((-4)/10). Let x = 41 + 50. Let g = k - x. List the prime factors of g.
2, 23
Let g(p) = 6*p - 66. Let r be g(11). Suppose r = -2*t + 1149 + 257. List the prime factors of t.
19, 37
Suppose -4898 = 5*a + 3*k, -3*a + 4*k - 3137 = -175. Let h = -638 - a. List the prime factors of h.
2, 43
Let m = -779 - -789. What are the prime factors of ((-16)/m)/(14 + (-159408)/11385)?
2, 11, 23
Suppose -3*j + 3*m = -1 - 8, 0 = -3*j + 2*m + 13. Let x = 342 - -200. Suppose 0 = -j*k + 809 + x. What are the prime factors of k?
193
Let g = -32260 + 66995. What are the prime factors of g?
5, 6947
Let s(z) = -3*z + 1. Let c be s(1). Let j be (3 + (-468)/(-8))*c. Let n = 193 + j. What are the prime factors of n?
2, 5, 7
List the prime factors of (1 - (-10)/(-2) - 49/(-196))*-4384.
2, 3, 5, 137
Let t = 151241 + -67970. What are the prime factors of t?
3, 41, 677
What are the prime factors of (-7)/2*4/(-8)*100?
5, 7
Let c = -1059 + 2498. Let r = -257 + c. List the prime factors of r.
2, 3, 197
Suppose -4*j = 83 - 27. Let u = -26 - j. Let s = u + 102. What are the prime factors of s?
2, 3, 5
Suppose -35*h + 20848 = -27*h. List the prime factors of h.
2, 1303
Let r = -267 - -280. Suppose -r*h = 503 - 7640. List the prime factors of h.
3, 61
Let d = 1154 - -2051. Let n(i) = i**3 - 13*i**2 + i + 4. Let r be n(13). Suppose 1233 = -r*a + d. What are the prime factors of a?
2,